Dec 02 00:37:43.332 INFO testing andysalerno/explain_rs against master#8940af3cea4a9a9deabcaf843b2f8cad9a83fc61 for beta-1.31-5
Dec 02 00:37:43.332 INFO running `"docker" "create" "-v" "/mnt/big/crater/work/local/target-dirs/beta-1.31-5/worker-3/master#8940af3cea4a9a9deabcaf843b2f8cad9a83fc61:/target:rw,Z" "-v" "/mnt/big/crater/work/local/test-source/worker-3/beta-1.31-5/master#8940af3cea4a9a9deabcaf843b2f8cad9a83fc61:/source:ro,Z" "-v" "/mnt/big/crater/work/local/cargo-home:/cargo-home:ro,Z" "-v" "/mnt/big/crater/work/local/rustup-home:/rustup-home:ro,Z" "-e" "USER_ID=1000" "-e" "SOURCE_DIR=/source" "-e" "USER_ID=1000" "-e" "CMD=cargo +8940af3cea4a9a9deabcaf843b2f8cad9a83fc61-alt build --frozen" "-e" "CARGO_TARGET_DIR=/target" "-e" "CARGO_INCREMENTAL=0" "-e" "RUST_BACKTRACE=full" "-e" "RUSTFLAGS=--cap-lints=warn" "-e" "CARGO_HOME=/cargo-home" "-e" "RUSTUP_HOME=/rustup-home" "-m" "1536M" "--network" "none" "crater"`
Dec 02 00:37:43.526 INFO [stdout] 73801d4da353acf6907471590ad4fded0ecf3e11730084dc5e31db3a25fd8c1f
Dec 02 00:37:43.528 INFO running `"docker" "start" "-a" "73801d4da353acf6907471590ad4fded0ecf3e11730084dc5e31db3a25fd8c1f"`
Dec 02 00:37:44.226 INFO [stderr] usermod: no changes
Dec 02 00:37:44.315 INFO [stderr]    Compiling explain_rs v0.1.0 (/source)
Dec 02 00:37:45.081 INFO [stderr] warning: unused variable: `difference`
Dec 02 00:37:45.081 INFO [stderr]    --> src/man_parse/term_writer/troff_term_writer.rs:262:13
Dec 02 00:37:45.081 INFO [stderr]     |
Dec 02 00:37:45.081 INFO [stderr] 262 |         let difference = text_start_pos - count_whitespace;
Dec 02 00:37:45.081 INFO [stderr]     |             ^^^^^^^^^^ help: consider using `_difference` instead
Dec 02 00:37:45.081 INFO [stderr]     |
Dec 02 00:37:45.081 INFO [stderr]     = note: #[warn(unused_variables)] on by default
Dec 02 00:37:45.081 INFO [stderr] 
Dec 02 00:37:45.132 INFO [stderr] warning: variable does not need to be mutable
Dec 02 00:37:45.132 INFO [stderr]    --> src/man_parse/troff_parser.rs:338:13
Dec 02 00:37:45.132 INFO [stderr]     |
Dec 02 00:37:45.132 INFO [stderr] 338 |         let mut pops = if let Some(tok) = decrease_arg {
Dec 02 00:37:45.132 INFO [stderr]     |             ----^^^^
Dec 02 00:37:45.132 INFO [stderr]     |             |
Dec 02 00:37:45.132 INFO [stderr]     |             help: remove this `mut`
Dec 02 00:37:45.132 INFO [stderr]     |
Dec 02 00:37:45.132 INFO [stderr]     = note: #[warn(unused_mut)] on by default
Dec 02 00:37:45.132 INFO [stderr] 
Dec 02 00:37:45.178 INFO [stderr] warning: variant is never constructed: `Underlined`
Dec 02 00:37:45.178 INFO [stderr]   --> src/man_parse/term_writer/font_style.rs:16:5
Dec 02 00:37:45.178 INFO [stderr]    |
Dec 02 00:37:45.178 INFO [stderr] 16 |     Underlined,
Dec 02 00:37:45.178 INFO [stderr]    |     ^^^^^^^^^^
Dec 02 00:37:45.178 INFO [stderr]    |
Dec 02 00:37:45.178 INFO [stderr]    = note: #[warn(dead_code)] on by default
Dec 02 00:37:45.178 INFO [stderr] 
Dec 02 00:37:45.178 INFO [stderr] warning: variant is never constructed: `NonWhitespace`
Dec 02 00:37:45.178 INFO [stderr]  --> src/man_parse/term_writer/line_info.rs:9:5
Dec 02 00:37:45.178 INFO [stderr]   |
Dec 02 00:37:45.178 INFO [stderr] 9 |     NonWhitespace,
Dec 02 00:37:45.178 INFO [stderr]   |     ^^^^^^^^^^^^^
Dec 02 00:37:45.178 INFO [stderr] 
Dec 02 00:37:45.178 INFO [stderr] warning: method is never used: `disable_debug`
Dec 02 00:37:45.178 INFO [stderr]   --> src/man_parse/term_writer/troff_term_writer.rs:82:5
Dec 02 00:37:45.178 INFO [stderr]    |
Dec 02 00:37:45.178 INFO [stderr] 82 |     pub fn disable_debug(&mut self) {
Dec 02 00:37:45.178 INFO [stderr]    |     ^^^^^^^^^^^^^^^^^^^^^^^^^^^^^^^
Dec 02 00:37:45.178 INFO [stderr] 
Dec 02 00:37:45.178 INFO [stderr] warning: method is never used: `indent`
Dec 02 00:37:45.178 INFO [stderr]   --> src/man_parse/term_writer/troff_term_writer.rs:91:5
Dec 02 00:37:45.178 INFO [stderr]    |
Dec 02 00:37:45.178 INFO [stderr] 91 |     pub fn indent(&self) -> usize {
Dec 02 00:37:45.178 INFO [stderr]    |     ^^^^^^^^^^^^^^^^^^^^^^^^^^^^^
Dec 02 00:37:45.179 INFO [stderr] 
Dec 02 00:37:45.179 INFO [stderr] warning: method is never used: `default_indent`
Dec 02 00:37:45.179 INFO [stderr]    --> src/man_parse/term_writer/troff_term_writer.rs:189:5
Dec 02 00:37:45.179 INFO [stderr]     |
Dec 02 00:37:45.179 INFO [stderr] 189 |     pub fn default_indent(&mut self) {
Dec 02 00:37:45.179 INFO [stderr]     |     ^^^^^^^^^^^^^^^^^^^^^^^^^^^^^^^^
Dec 02 00:37:45.179 INFO [stderr] 
Dec 02 00:37:46.509 INFO [stderr]     Finished dev [unoptimized + debuginfo] target(s) in 2.24s
Dec 02 00:37:46.512 INFO [stderr] su: No module specific data is present
Dec 02 00:37:46.917 INFO running `"docker" "inspect" "73801d4da353acf6907471590ad4fded0ecf3e11730084dc5e31db3a25fd8c1f"`
Dec 02 00:37:47.175 INFO running `"docker" "rm" "-f" "73801d4da353acf6907471590ad4fded0ecf3e11730084dc5e31db3a25fd8c1f"`
Dec 02 00:37:47.447 INFO [stdout] 73801d4da353acf6907471590ad4fded0ecf3e11730084dc5e31db3a25fd8c1f
Dec 02 00:37:47.447 INFO running `"docker" "create" "-v" "/mnt/big/crater/work/local/target-dirs/beta-1.31-5/worker-3/master#8940af3cea4a9a9deabcaf843b2f8cad9a83fc61:/target:rw,Z" "-v" "/mnt/big/crater/work/local/test-source/worker-3/beta-1.31-5/master#8940af3cea4a9a9deabcaf843b2f8cad9a83fc61:/source:ro,Z" "-v" "/mnt/big/crater/work/local/cargo-home:/cargo-home:ro,Z" "-v" "/mnt/big/crater/work/local/rustup-home:/rustup-home:ro,Z" "-e" "USER_ID=1000" "-e" "SOURCE_DIR=/source" "-e" "USER_ID=1000" "-e" "CMD=cargo +8940af3cea4a9a9deabcaf843b2f8cad9a83fc61-alt test --frozen --no-run" "-e" "CARGO_TARGET_DIR=/target" "-e" "CARGO_INCREMENTAL=0" "-e" "RUST_BACKTRACE=full" "-e" "RUSTFLAGS=--cap-lints=warn" "-e" "CARGO_HOME=/cargo-home" "-e" "RUSTUP_HOME=/rustup-home" "-m" "1536M" "--network" "none" "crater"`
Dec 02 00:37:47.947 INFO [stdout] c2aec9d3a4ff5f6daed474264b536ab88606cc8926b5e1f670f09957eb3d1377
Dec 02 00:37:47.952 INFO running `"docker" "start" "-a" "c2aec9d3a4ff5f6daed474264b536ab88606cc8926b5e1f670f09957eb3d1377"`
Dec 02 00:37:48.417 INFO [stderr] usermod: no changes
Dec 02 00:37:48.451 INFO [stderr]    Compiling explain_rs v0.1.0 (/source)
Dec 02 00:37:49.153 INFO [stderr] warning: unused variable: `difference`
Dec 02 00:37:49.153 INFO [stderr]    --> src/man_parse/term_writer/troff_term_writer.rs:262:13
Dec 02 00:37:49.153 INFO [stderr]     |
Dec 02 00:37:49.153 INFO [stderr] 262 |         let difference = text_start_pos - count_whitespace;
Dec 02 00:37:49.153 INFO [stderr]     |             ^^^^^^^^^^ help: consider using `_difference` instead
Dec 02 00:37:49.153 INFO [stderr]     |
Dec 02 00:37:49.153 INFO [stderr]     = note: #[warn(unused_variables)] on by default
Dec 02 00:37:49.154 INFO [stderr] 
Dec 02 00:37:49.205 INFO [stderr] warning: variable does not need to be mutable
Dec 02 00:37:49.206 INFO [stderr]    --> src/man_parse/troff_parser.rs:338:13
Dec 02 00:37:49.206 INFO [stderr]     |
Dec 02 00:37:49.206 INFO [stderr] 338 |         let mut pops = if let Some(tok) = decrease_arg {
Dec 02 00:37:49.206 INFO [stderr]     |             ----^^^^
Dec 02 00:37:49.206 INFO [stderr]     |             |
Dec 02 00:37:49.206 INFO [stderr]     |             help: remove this `mut`
Dec 02 00:37:49.206 INFO [stderr]     |
Dec 02 00:37:49.206 INFO [stderr]     = note: #[warn(unused_mut)] on by default
Dec 02 00:37:49.206 INFO [stderr] 
Dec 02 00:37:49.278 INFO [stderr] warning: variant is never constructed: `Underlined`
Dec 02 00:37:49.278 INFO [stderr]   --> src/man_parse/term_writer/font_style.rs:16:5
Dec 02 00:37:49.278 INFO [stderr]    |
Dec 02 00:37:49.278 INFO [stderr] 16 |     Underlined,
Dec 02 00:37:49.278 INFO [stderr]    |     ^^^^^^^^^^
Dec 02 00:37:49.278 INFO [stderr]    |
Dec 02 00:37:49.278 INFO [stderr]    = note: #[warn(dead_code)] on by default
Dec 02 00:37:49.278 INFO [stderr] 
Dec 02 00:37:49.278 INFO [stderr] warning: variant is never constructed: `NonWhitespace`
Dec 02 00:37:49.278 INFO [stderr]  --> src/man_parse/term_writer/line_info.rs:9:5
Dec 02 00:37:49.278 INFO [stderr]   |
Dec 02 00:37:49.278 INFO [stderr] 9 |     NonWhitespace,
Dec 02 00:37:49.278 INFO [stderr]   |     ^^^^^^^^^^^^^
Dec 02 00:37:49.278 INFO [stderr] 
Dec 02 00:37:49.279 INFO [stderr] warning: method is never used: `disable_debug`
Dec 02 00:37:49.279 INFO [stderr]   --> src/man_parse/term_writer/troff_term_writer.rs:82:5
Dec 02 00:37:49.279 INFO [stderr]    |
Dec 02 00:37:49.279 INFO [stderr] 82 |     pub fn disable_debug(&mut self) {
Dec 02 00:37:49.279 INFO [stderr]    |     ^^^^^^^^^^^^^^^^^^^^^^^^^^^^^^^
Dec 02 00:37:49.279 INFO [stderr] 
Dec 02 00:37:49.279 INFO [stderr] warning: method is never used: `indent`
Dec 02 00:37:49.279 INFO [stderr]   --> src/man_parse/term_writer/troff_term_writer.rs:91:5
Dec 02 00:37:49.279 INFO [stderr]    |
Dec 02 00:37:49.279 INFO [stderr] 91 |     pub fn indent(&self) -> usize {
Dec 02 00:37:49.279 INFO [stderr]    |     ^^^^^^^^^^^^^^^^^^^^^^^^^^^^^
Dec 02 00:37:49.279 INFO [stderr] 
Dec 02 00:37:49.279 INFO [stderr] warning: method is never used: `default_indent`
Dec 02 00:37:49.279 INFO [stderr]    --> src/man_parse/term_writer/troff_term_writer.rs:189:5
Dec 02 00:37:49.279 INFO [stderr]     |
Dec 02 00:37:49.279 INFO [stderr] 189 |     pub fn default_indent(&mut self) {
Dec 02 00:37:49.279 INFO [stderr]     |     ^^^^^^^^^^^^^^^^^^^^^^^^^^^^^^^^
Dec 02 00:37:49.279 INFO [stderr] 
Dec 02 00:37:50.015 INFO [stderr]     Finished dev [unoptimized + debuginfo] target(s) in 1.58s
Dec 02 00:37:50.018 INFO [stderr] su: No module specific data is present
Dec 02 00:37:50.272 INFO running `"docker" "inspect" "c2aec9d3a4ff5f6daed474264b536ab88606cc8926b5e1f670f09957eb3d1377"`
Dec 02 00:37:50.509 INFO running `"docker" "rm" "-f" "c2aec9d3a4ff5f6daed474264b536ab88606cc8926b5e1f670f09957eb3d1377"`
Dec 02 00:37:50.682 INFO [stdout] c2aec9d3a4ff5f6daed474264b536ab88606cc8926b5e1f670f09957eb3d1377
Dec 02 00:37:50.687 INFO running `"docker" "create" "-v" "/mnt/big/crater/work/local/target-dirs/beta-1.31-5/worker-3/master#8940af3cea4a9a9deabcaf843b2f8cad9a83fc61:/target:rw,Z" "-v" "/mnt/big/crater/work/local/test-source/worker-3/beta-1.31-5/master#8940af3cea4a9a9deabcaf843b2f8cad9a83fc61:/source:ro,Z" "-v" "/mnt/big/crater/work/local/cargo-home:/cargo-home:ro,Z" "-v" "/mnt/big/crater/work/local/rustup-home:/rustup-home:ro,Z" "-e" "USER_ID=1000" "-e" "SOURCE_DIR=/source" "-e" "USER_ID=1000" "-e" "CMD=cargo +8940af3cea4a9a9deabcaf843b2f8cad9a83fc61-alt test --frozen" "-e" "CARGO_TARGET_DIR=/target" "-e" "CARGO_INCREMENTAL=0" "-e" "RUST_BACKTRACE=full" "-e" "RUSTFLAGS=--cap-lints=warn" "-e" "CARGO_HOME=/cargo-home" "-e" "RUSTUP_HOME=/rustup-home" "-m" "1536M" "--network" "none" "crater"`
Dec 02 00:37:50.991 INFO [stdout] 90631c4383767d85fb84e600bd478fdba4ef1a9ff738c006306234ab59b19b12
Dec 02 00:37:50.996 INFO running `"docker" "start" "-a" "90631c4383767d85fb84e600bd478fdba4ef1a9ff738c006306234ab59b19b12"`
Dec 02 00:37:51.537 INFO [stderr] usermod: no changes
Dec 02 00:37:51.572 INFO [stderr]     Finished dev [unoptimized + debuginfo] target(s) in 0.02s
Dec 02 00:37:51.575 INFO [stderr]      Running /target/debug/deps/explain_rs-4e536483dd3cacb8
Dec 02 00:37:51.580 INFO [stdout] 
Dec 02 00:37:51.580 INFO [stdout] running 16 tests
Dec 02 00:37:51.580 INFO [stdout] test man_parse::troff_token_generator::tests::test_empty_square_brackets ... ok
Dec 02 00:37:51.580 INFO [stdout] test man_parse::troff_token_generator::tests::test_multiple_splits ... ok
Dec 02 00:37:51.581 INFO [stdout] test man_parse::troff_token_generator::tests::test_short_word ... ok
Dec 02 00:37:51.581 INFO [stdout] test man_parse::troff_token_generator::tests::test_quote_only ... ok
Dec 02 00:37:51.581 INFO [stdout] test simple_parser::split_whitespace::tests::split_segregates_whitespaces_types ... ok
Dec 02 00:37:51.587 INFO [stdout] test simple_parser::split_whitespace::tests::split_understands_tabs ... ok
Dec 02 00:37:51.588 INFO [stdout] test simple_parser::split_whitespace::tests::split_includes_whitespace ... ok
Dec 02 00:37:51.588 INFO [stdout] test simple_parser::split_whitespace::tests::split_keeps_multilength_spaces ... ok
Dec 02 00:37:51.589 INFO [stdout] test simple_parser::split_whitespace::tests::split_understands_newlines ... ok
Dec 02 00:37:51.589 INFO [stdout] test man_parse::troff_token_generator::tests::test_double_quote ... ok
Dec 02 00:37:51.591 INFO [stdout] test simple_parser::tokenizer::tests::test_simple_line ... ok
Dec 02 00:37:51.591 INFO [stdout] test simple_parser::split_whitespace::tests::trait_works ... ok
Dec 02 00:37:51.599 INFO [stdout] test man_parse::troff_token_generator::tests::test_inline_macro ... ok
Dec 02 00:37:51.599 INFO [stdout] test man_parse::troff_token_generator::tests::test_long_word ... ok
Dec 02 00:37:51.601 INFO [stdout] test simple_parser::split_whitespace::tests::split_understands_wide_chars ... ok
Dec 02 00:37:51.618 INFO [stdout] test man_parse::troff_token_generator::tests::test_backslash_s ... FAILED
Dec 02 00:37:51.618 INFO [stdout] 
Dec 02 00:37:51.618 INFO [stdout] failures:
Dec 02 00:37:51.618 INFO [stdout] 
Dec 02 00:37:51.619 INFO [stdout] ---- man_parse::troff_token_generator::tests::test_backslash_s stdout ----
Dec 02 00:37:51.619 INFO [stdout] thread 'man_parse::troff_token_generator::tests::test_backslash_s' panicked at 'assertion failed: `(left == right)`
Dec 02 00:37:51.619 INFO [stdout]   left: `[Token { class: TextWord, value: "Manual", starts_line: false }, Token { class: Backslash, value: "\\", starts_line: false }, Token { class: EscapeCommand, value: "f", starts_line: false }, Token { class: CommandArg, value: "R", starts_line: false }, Token { class: Backslash, value: "\\", starts_line: false }, Token { class: EscapeCommand, value: "m", starts_line: false }, Token { class: ArgOpenBracket, value: "[", starts_line: false }, Token { class: CommandArg, value: "", starts_line: false }, Token { class: ArgCloseBracket, value: "]", starts_line: false }, Token { class: Backslash, value: "\\", starts_line: false }, Token { class: EscapeCommand, value: "&", starts_line: false }, Token { class: Backslash, value: "\\", starts_line: false }, Token { class: EscapeCommand, value: "s", starts_line: false }, Token { class: CommandArg, value: "-", starts_line: false }, Token { class: CommandArg, value: "2", starts_line: false }, Token { class: Backslash, value: "\\", starts_line: false }, Token { class: EscapeCommand, value: "u", starts_line: false }, Token { class: TextWord, value: "[1]", starts_line: false }, Token { class: Backslash, value: "\\", starts_line: false }, Token { class: EscapeCommand, value: "d", starts_line: false }, Token { class: Backslash, value: "\\", starts_line: false }, Token { class: EscapeCommand, value: "s", starts_line: false }, Token { class: CommandArg, value: "+", starts_line: false }, Token { class: CommandArg, value: "2", starts_line: false }]`,
Dec 02 00:37:51.619 INFO [stdout]  right: `[Token { class: TextWord, value: "Manual", starts_line: false }, Token { class: Backslash, value: "\\", starts_line: false }, Token { class: EscapeCommand, value: "m", starts_line: false }, Token { class: ArgOpenBracket, value: "[", starts_line: false }, Token { class: CommandArg, value: "", starts_line: false }, Token { class: ArgCloseBracket, value: "]", starts_line: false }]`', src/man_parse/troff_token_generator.rs:388:9
Dec 02 00:37:51.619 INFO [stdout] stack backtrace:
Dec 02 00:37:51.619 INFO [stdout]    0:     0x5624687bb8ff - std::sys::unix::backtrace::tracing::imp::unwind_backtrace::h3a8b83e1922cbdde
Dec 02 00:37:51.619 INFO [stdout]                                at libstd/sys/unix/backtrace/tracing/gcc_s.rs:49
Dec 02 00:37:51.619 INFO [stdout]    1:     0x5624687c4947 - std::sys_common::backtrace::print::h00d3155a29b4020f
Dec 02 00:37:51.619 INFO [stdout]                                at libstd/sys_common/backtrace.rs:71
Dec 02 00:37:51.619 INFO [stdout]                                at libstd/sys_common/backtrace.rs:59
Dec 02 00:37:51.619 INFO [stdout]    2:     0x5624687bf62f - std::panicking::default_hook::{{closure}}::hd7465c742e79e1bb
Dec 02 00:37:51.619 INFO [stdout]                                at libstd/panicking.rs:211
Dec 02 00:37:51.619 INFO [stdout]    3:     0x5624687bf32e - std::panicking::default_hook::h9e3966f2aa2a6e12
Dec 02 00:37:51.619 INFO [stdout]                                at libstd/panicking.rs:221
Dec 02 00:37:51.619 INFO [stdout]    4:     0x5624687bfd0e - std::panicking::rust_panic_with_hook::h587f091ae747d080
Dec 02 00:37:51.619 INFO [stdout]                                at libstd/panicking.rs:476
Dec 02 00:37:51.619 INFO [stdout]    5:     0x5624687bf8b1 - std::panicking::continue_panic_fmt::hb3a4fdede87f43a8
Dec 02 00:37:51.619 INFO [stdout]                                at libstd/panicking.rs:390
Dec 02 00:37:51.619 INFO [stdout]    6:     0x5624687bf7fe - std::panicking::begin_panic_fmt::h387afc7da9a10555
Dec 02 00:37:51.619 INFO [stdout]                                at libstd/panicking.rs:345
Dec 02 00:37:51.619 INFO [stdout]    7:     0x562468757024 - explain_rs::man_parse::troff_token_generator::tests::test_backslash_s::h594c27e0b5baca04
Dec 02 00:37:51.619 INFO [stdout]                                at src/man_parse/troff_token_generator.rs:388
Dec 02 00:37:51.619 INFO [stdout]    8:     0x5624687569c9 - explain_rs::man_parse::troff_token_generator::tests::test_backslash_s::{{closure}}::ha1ec21c1ec88ec12
Dec 02 00:37:51.619 INFO [stdout]                                at src/man_parse/troff_token_generator.rs:368
Dec 02 00:37:51.619 INFO [stdout]    9:     0x562468767dad - core::ops::function::FnOnce::call_once::h06a28f937c8ec81c
Dec 02 00:37:51.619 INFO [stdout]                                at libcore/ops/function.rs:238
Dec 02 00:37:51.619 INFO [stdout]   10:     0x56246876f72e - <F as alloc::boxed::FnBox<A>>::call_box::hac903f91577a156c
Dec 02 00:37:51.619 INFO [stdout]                                at libtest/lib.rs:1468
Dec 02 00:37:51.619 INFO [stdout]                                at libcore/ops/function.rs:238
Dec 02 00:37:51.619 INFO [stdout]                                at liballoc/boxed.rs:672
Dec 02 00:37:51.619 INFO [stdout]   11:     0x5624687cf8f9 - __rust_maybe_catch_panic
Dec 02 00:37:51.619 INFO [stdout]                                at libpanic_unwind/lib.rs:102
Dec 02 00:37:51.619 INFO [stdout]   12:     0x562468791382 - std::sys_common::backtrace::__rust_begin_short_backtrace::hb8f0d0309526c184
Dec 02 00:37:51.619 INFO [stdout]                                at libstd/panicking.rs:289
Dec 02 00:37:51.619 INFO [stdout]                                at libstd/panic.rs:392
Dec 02 00:37:51.619 INFO [stdout]                                at libtest/lib.rs:1423
Dec 02 00:37:51.619 INFO [stdout]                                at libstd/sys_common/backtrace.rs:136
Dec 02 00:37:51.619 INFO [stdout]   13:     0x562468791e34 - std::panicking::try::do_call::hc2f7c8b9a348d8db
Dec 02 00:37:51.619 INFO [stdout]                                at libstd/thread/mod.rs:409
Dec 02 00:37:51.619 INFO [stdout]                                at libstd/panic.rs:313
Dec 02 00:37:51.619 INFO [stdout]                                at libstd/panicking.rs:310
Dec 02 00:37:51.619 INFO [stdout]   14:     0x5624687cf8f9 - __rust_maybe_catch_panic
Dec 02 00:37:51.619 INFO [stdout]                                at libpanic_unwind/lib.rs:102
Dec 02 00:37:51.619 INFO [stdout]   15:     0x56246877f06c - <F as alloc::boxed::FnBox<A>>::call_box::h6bfded618e480b32
Dec 02 00:37:51.619 INFO [stdout]                                at libstd/panicking.rs:289
Dec 02 00:37:51.619 INFO [stdout]                                at libstd/panic.rs:392
Dec 02 00:37:51.619 INFO [stdout]                                at libstd/thread/mod.rs:408
Dec 02 00:37:51.619 INFO [stdout]                                at liballoc/boxed.rs:672
Dec 02 00:37:51.619 INFO [stdout]   16:     0x5624687bd51d - std::sys_common::thread::start_thread::h4c28257d67cdf9cb
Dec 02 00:37:51.619 INFO [stdout]                                at liballoc/boxed.rs:682
Dec 02 00:37:51.619 INFO [stdout]                                at libstd/sys_common/thread.rs:24
Dec 02 00:37:51.619 INFO [stdout]   17:     0x5624687b2a35 - std::sys::unix::thread::Thread::new::thread_start::hfecb2e7eff8fd34f
Dec 02 00:37:51.619 INFO [stdout]                                at libstd/sys/unix/thread.rs:90
Dec 02 00:37:51.619 INFO [stdout]   18:     0x7f4cafc1b6b9 - start_thread
Dec 02 00:37:51.619 INFO [stdout]   19:     0x7f4caf73b41c - clone
Dec 02 00:37:51.619 INFO [stdout]   20:                0x0 - <unknown>
Dec 02 00:37:51.619 INFO [stdout] 
Dec 02 00:37:51.619 INFO [stdout] 
Dec 02 00:37:51.619 INFO [stdout] failures:
Dec 02 00:37:51.619 INFO [stdout]     man_parse::troff_token_generator::tests::test_backslash_s
Dec 02 00:37:51.619 INFO [stdout] 
Dec 02 00:37:51.619 INFO [stdout] test result: FAILED. 15 passed; 1 failed; 0 ignored; 0 measured; 0 filtered out
Dec 02 00:37:51.619 INFO [stdout] 
Dec 02 00:37:51.627 INFO [stderr] error: test failed, to rerun pass '--bin explain_rs'
Dec 02 00:37:51.629 INFO [stderr] su: No module specific data is present
Dec 02 00:37:51.879 INFO running `"docker" "inspect" "90631c4383767d85fb84e600bd478fdba4ef1a9ff738c006306234ab59b19b12"`
Dec 02 00:37:51.928 INFO running `"docker" "rm" "-f" "90631c4383767d85fb84e600bd478fdba4ef1a9ff738c006306234ab59b19b12"`
Dec 02 00:37:52.009 INFO [stdout] 90631c4383767d85fb84e600bd478fdba4ef1a9ff738c006306234ab59b19b12
